{"id":53,"date":"2009-08-26T18:19:20","date_gmt":"2009-08-26T16:19:20","guid":{"rendered":"http:\/\/www.appartement-lindenmuth.de\/?page_id=53"},"modified":"2023-11-16T08:28:44","modified_gmt":"2023-11-16T06:28:44","slug":"gastronomie-und-handel","status":"publish","type":"page","link":"https:\/\/www.appartements-eberbach.de\/?page_id=53","title":{"rendered":"Gastro- und Fr\u00fchst\u00fcck-Tipps"},"content":{"rendered":"<h2><strong>Lecker fr\u00fchst\u00fccken in Eberbach&#8230;<\/strong><\/h2>\n<p><a href=\"https:\/\/www.cafe-viktoria.de\" target=\"_blank\" rel=\"noopener\">Cafe Viktoria<\/a><br \/>\nFriedrichstra\u00dfe 5-9<br \/>\n69412 Eberbach<br \/>\nTelefon (06271) 20 18<br \/>\nTelefax (06271) 7 21 92<br \/>\nE-Mail info@cafe-viktoria.de<\/p>\n<p><strong>Caf\u00e9 &#8211; Conditorei Reichspost<\/strong><br \/>\nBahnhofstr.38, Eberbach<br \/>\nTel.: 06271-2575<\/p>\n<h2>Gut essen in Eberbach&#8230;<\/h2>\n<p><a href=\"https:\/\/www.hotel-karpfen.com\" target=\"_blank\" rel=\"noopener\">Hotel Karpfen<\/a><\/p>\n<p><a href=\"https:\/\/www.snackbar-eberbach.de\" target=\"_blank\" rel=\"noopener\">Snackbar Eberbach<\/a><\/p>\n<p><strong>Zum Krabbenstein<\/strong><br \/>\nObere Badstra\u00dfe 13<br \/>\n69412 Eberbach<br \/>\nTelefon: 06271-7377<\/p>\n<p><strong>Ristorante \u201eLittle Italy\u201c<\/strong><br \/>\nAlter Markt 6<br \/>\n69412 Eberbach<br \/>\nTel. 06271 72168<\/p>\n<h2>&nbsp;<\/h2>\n<h2><strong>Gut essen in Rockenau&#8230;<\/strong><\/h2>\n<p><strong>Nuova Trattoria Rockenau<br \/>\n<\/strong>Mediterranes Flair in Rockenau<br \/>\nRockenauer Stra\u00dfe 78<br \/>\nTel.06271 7480<br \/>\nFamilie Romano bietet hier italienische Gen\u00fcsse in authentischer<br \/>\nUmgebung an, wobei Fisch und hausgemachte Pasta<br \/>\nzu ihren Spezialit\u00e4ten z\u00e4hlen.<\/p>\n<div>\n<dl id=\"attachment_54\">\n<dt><a href=\"https:\/\/www.trattoria-da-luigi.de\" target=\"_blank\" rel=\"noopener\"><img loading=\"lazy\" decoding=\"async\" title=\"Trattoria Da Luigi\" src=\"https:\/\/www.appartement-lindenmuth.de\/wp-content\/uploads\/2009\/08\/incognito1-300x225.jpg\" alt=\"Trattoria Da Luigi\" width=\"300\" height=\"225\"><\/a><\/dt>\n<dt><\/dt>\n<\/dl>\n<\/div>\n","protected":false},"excerpt":{"rendered":"<p>Lecker fr\u00fchst\u00fccken in Eberbach&#8230; Cafe Viktoria Friedrichstra\u00dfe 5-9 69412 Eberbach Telefon (06271) 20 18 Telefax (06271) 7 21 92 E-Mail info@cafe-viktoria.de Caf\u00e9 &#8211; Conditorei Reichspost Bahnhofstr.38, Eberbach Tel.: 06271-2575 Gut essen in Eberbach&#8230; Hotel Karpfen Snackbar Eberbach Zum Krabbenstein Obere Badstra\u00dfe 13 69412 Eberbach Telefon: 06271-7377 Ristorante \u201eLittle Italy\u201c Alter Markt 6 69412 Eberbach Tel. [&hellip;]<\/p>\n","protected":false},"author":1,"featured_media":0,"parent":0,"menu_order":4,"comment_status":"closed","ping_status":"closed","template":"","meta":{"ngg_post_thumbnail":0,"footnotes":""},"class_list":["post-53","page","type-page","status-publish","hentry"],"_links":{"self":[{"href":"https:\/\/www.appartements-eberbach.de\/index.php?rest_route=\/wp\/v2\/pages\/53","targetHints":{"allow":["GET"]}}],"collection":[{"href":"https:\/\/www.appartements-eberbach.de\/index.php?rest_route=\/wp\/v2\/pages"}],"about":[{"href":"https:\/\/www.appartements-eberbach.de\/index.php?rest_route=\/wp\/v2\/types\/page"}],"author":[{"embeddable":true,"href":"https:\/\/www.appartements-eberbach.de\/index.php?rest_route=\/wp\/v2\/users\/1"}],"replies":[{"embeddable":true,"href":"https:\/\/www.appartements-eberbach.de\/index.php?rest_route=%2Fwp%2Fv2%2Fcomments&post=53"}],"version-history":[{"count":64,"href":"https:\/\/www.appartements-eberbach.de\/index.php?rest_route=\/wp\/v2\/pages\/53\/revisions"}],"predecessor-version":[{"id":1191,"href":"https:\/\/www.appartements-eberbach.de\/index.php?rest_route=\/wp\/v2\/pages\/53\/revisions\/1191"}],"wp:attachment":[{"href":"https:\/\/www.appartements-eberbach.de\/index.php?rest_route=%2Fwp%2Fv2%2Fmedia&parent=53"}],"curies":[{"name":"wp","href":"https:\/\/api.w.org\/{rel}","templated":true}]}}