{"id":534,"date":"2012-04-03T13:12:58","date_gmt":"2012-04-03T11:12:58","guid":{"rendered":"http:\/\/www.appartement-lindenmuth.de\/?page_id=534"},"modified":"2023-11-14T19:19:46","modified_gmt":"2023-11-14T17:19:46","slug":"internet-agb","status":"publish","type":"page","link":"https:\/\/www.appartements-eberbach.de\/?page_id=534","title":{"rendered":"Internet AGB"},"content":{"rendered":"<p>Bedingungen f\u00fcr die Nutzung des W-<wbr \/>LAN Internetzugangs<br \/>\nin den City-Appartements Eberbach (WORLDWLAN)<\/p>\n<p>Nutzungsvereinbarung<\/p>\n<p>\u2022 Die Nutzung erfolgt durch einloggen in unser WORLDWLAN. Die nachfolgend aufgef\u00fchrte Nutzungsvereinbarung wird akzeptiert.<\/p>\n<p>\u2022 Die Nutzung ist ist auf die Dauer der Anwesenheit auf dem Areal in den City-Appartements Eberbach beschr\u00e4nkt. Dabei kann seitens der City-Appartements Eberbach keinerlei Gew\u00e4hr f\u00fcr die tats\u00e4chliche Verf\u00fcgbarkeit des Internet-<wbr \/>Zugangs \u00fcbernommen werden. Der Code darf Dritten nicht weitergegeben werden.<\/p>\n<p>\u2022 Durch die Ausgabe des Codes \u00fcbernehmen die City-Appartements Eberbach keinerlei Verpflichtungen. Die Verwendung erfolgt nach Ma\u00dfgabe der technischen M\u00f6glichkeiten. Insbesondere hat der User kein Recht, das Internet Guest-<wbr \/>LAN auf irgendeine bestimmte Weise oder eine bestimmte Dauer zu nutzen.<\/p>\n<p>\u2022 Hiermit wird jegliche Haftung, insbesondere f\u00fcr Gew\u00e4hrleistung und Schadenersatz (mit Ausnahme von Vorsatz und K\u00f6rpersch\u00e4den), ausgeschlossen. Insbesondere wird keinerlei Haftung f\u00fcr die Inhalte aufgerufener Websites oder downgeloadeter Dateien \u00fcbernommen. Ferner wird auch keinerlei Haftung f\u00fcr einen allf\u00e4lligen Virenbefall durch Verwendung des Internet Guest-<wbr \/>LAN \u00fcbernommen.<\/p>\n<p>Der User nimmt ausdr\u00fccklich zur Kenntnis, dass das Internet Guest-<wbr \/>LAN ausschlie\u00dflich den Zugang zum Internet erm\u00f6glicht, aber keinerlei Virenschutz oder Firewall beinhaltet.<\/p>\n<p>\u2022 Der Aufruf von Seiten mit rechtswidrigem Inhalt und die Verbreitung rechtswidriger oder rechtlich gesch\u00fctzter Inhalte sind untersagt.<\/p>\n<p>\u2022 Ausdr\u00fccklich untersagt ist es dem User insbesondere, das Internet Guest-<wbr \/>LAN zum Download oder zur sonstigen wie immer gearteten Verbreitung urheberrechtlich gesch\u00fctzter Inhalte zu verwenden.<\/p>\n<p>\u2022 Jede missbr\u00e4uchliche Verwendung des Internet Guest-<wbr \/>LAN, insbesondere eine Verwendung, die f\u00fcr Dritte oder f\u00fcr die City-Appartements Eberbach nachteilige Rechtsfolgen nach sich ziehen kann, ist untersagt.<\/p>\n<p>\u2022 Sollten die City-Appartements Eberbach durch die Verwendung des Internet Guest-<wbr \/>LAN durch den User aus irgendeinem Grund Anspr\u00fcchen Dritter ausgesetzt sein, so ist der User verpflichtet,<br \/>\ndie City-Appartements Eberbach diesbez\u00fcglich schad-<wbr \/> und klaglos zu halten.<\/p>\n<p>\u2022 Bei Versto\u00df gegen die Nutzungsbedingungen oder bei Verdacht eines Versto\u00dfes kann die Verwendung des Internet Guest-<wbr \/>LAN jederzeit ohne Angabe von Gr\u00fcnden gesperrt werden. Eine Haftung f\u00fcr Datenverlust ist ausdr\u00fccklich ausgeschlossen.<\/p>\n<p>Wenn ich mich ins WORLDWLAN einlogge, stimme ich obiger Nutzungsvereinbarung zu.<\/p>\n","protected":false},"excerpt":{"rendered":"<p>Bedingungen f\u00fcr die Nutzung des W-LAN Internetzugangs in den City-Appartements Eberbach (WORLDWLAN) Nutzungsvereinbarung \u2022 Die Nutzung erfolgt durch einloggen in unser WORLDWLAN. Die nachfolgend aufgef\u00fchrte Nutzungsvereinbarung wird akzeptiert. \u2022 Die Nutzung ist ist auf die Dauer der Anwesenheit auf dem Areal in den City-Appartements Eberbach beschr\u00e4nkt. Dabei kann seitens der City-Appartements Eberbach keinerlei Gew\u00e4hr f\u00fcr [&hellip;]<\/p>\n","protected":false},"author":1,"featured_media":0,"parent":0,"menu_order":20,"comment_status":"closed","ping_status":"closed","template":"","meta":{"ngg_post_thumbnail":0,"footnotes":""},"class_list":["post-534","page","type-page","status-publish","hentry"],"_links":{"self":[{"href":"https:\/\/www.appartements-eberbach.de\/index.php?rest_route=\/wp\/v2\/pages\/534","targetHints":{"allow":["GET"]}}],"collection":[{"href":"https:\/\/www.appartements-eberbach.de\/index.php?rest_route=\/wp\/v2\/pages"}],"about":[{"href":"https:\/\/www.appartements-eberbach.de\/index.php?rest_route=\/wp\/v2\/types\/page"}],"author":[{"embeddable":true,"href":"https:\/\/www.appartements-eberbach.de\/index.php?rest_route=\/wp\/v2\/users\/1"}],"replies":[{"embeddable":true,"href":"https:\/\/www.appartements-eberbach.de\/index.php?rest_route=%2Fwp%2Fv2%2Fcomments&post=534"}],"version-history":[{"count":8,"href":"https:\/\/www.appartements-eberbach.de\/index.php?rest_route=\/wp\/v2\/pages\/534\/revisions"}],"predecessor-version":[{"id":1185,"href":"https:\/\/www.appartements-eberbach.de\/index.php?rest_route=\/wp\/v2\/pages\/534\/revisions\/1185"}],"wp:attachment":[{"href":"https:\/\/www.appartements-eberbach.de\/index.php?rest_route=%2Fwp%2Fv2%2Fmedia&parent=534"}],"curies":[{"name":"wp","href":"https:\/\/api.w.org\/{rel}","templated":true}]}}